lse
Suppose 3*s + 5*k - 156 = 0, 3*k - 192 = -4*s + 16. Suppose s = 5*a - 4*c, -2*c = -4 - 0. Suppose 2*v + 2170 = a*v. Is v a prime number?
False
Suppose -4 = 3*u - 10. Let n(m) = 1021 + 33*m**2 + 1025 + 1026 - 4089 - 5*m + 1022. Is n(u) prime?
True
Let b be ((-3)/(-7))/3 + 21660/84. Is 1 + (-14498)/(-5) + b/645 a composite number?
True
Suppose 0 = -3*n - 1 + 7. Suppose 1541 + 766 = y + 2*z, 0 = -n*y - 5*z + 4613. Suppose 10*c - 1001 = y. Is c prime?
True
Suppose -1 = -22*l + 65. Suppose -5*j + 52508 = 2*y + 10418, y = l*j + 21067. Is y composite?
True
Let j = -54 + 66. Let p be (5/(-5))/((-2)/j*-1). Is 7/2 - 3 - 13071/p prime?
True
Suppose -4*d = -2*d - 2*x - 17252, -x - 34504 = -4*d. Suppose -5209 = -5*g + d. Is g prime?
True
Let p be (-2)/(-7) + 191/(-7). Let j be (-25*11)/(p/54). Let b = -365 + j. Is b prime?
False
Let g = -13 + 2. Let y be 4531 + 1 + (g - -7). Suppose -6*t + 5630 = -y. Is t a composite number?
False
Suppose 5*z = -4*b + 357576 + 299856, 328746 = 2*b - 5*z. Is b a composite number?
False
Let c(o) = 4*o**3 + o**2 - 11*o + 17. Suppose -10 = -3*v + 5*x, 5*v + 5*x = -12 + 42. Suppose 4*q - 31 = -v*s, 0 = s + q - 11 + 5. Is c(s) prime?
True
Let c(i) be the third derivative of 3*i**5/20 - 3*i**4/2 + 17*i**3/6 - 2*i**2 - 148. Is c(24) a composite number?
False
Let y(r) = 2*r**2 - 17*r + 6. Let i be y(11). Suppose -70*m = -i*m - 37377. Is m composite?
False
Is 34338979/310 + 6/60 a composite number?
False
Let w(o) be the first derivative of -71*o**2 - 21*o + 19. Is w(-10) a composite number?
False
Let y(o) = -88646*o**3 - 6*o**2 - 2*o + 1. Is y(-1) composite?
False
Let w(n) = -3*n + 17. Let f be w(3). Let k be (8/12*4)/(f/12). Suppose -10*r + 5810 = k*r. Is r a prime number?
False
Let y(g) = -4*g**3 + 24*g**2 + 2*g - 10. Let f be y(6). Suppose 5*o = -3*l + l + 45457, -f*o + 5*l = -18177. Is o a composite number?
False
Let r(z) = 2407*z**2 - 2*z. Let n be r(-2). Suppose 5*t - t - 4*c - n = 0, -2*t + 5*c = -4807. Is t composite?
False
Is 6952316/(18 + -11) - -9 a prime number?
True
Let i(b) = 13*b**2 + 8*b + 29. Let v be i(15). Suppose -3*q + 5*n - v = 0, 6*q - 3*q - 2*n = -3071. Let f = -722 - q. Is f prime?
False
Suppose 6*p - 10*p = -3088. Let a = 3993 - p. Is a a prime number?
True
Let k(x) be the first derivative of 18*x**3 - 8*x**2 - 37*x + 68. Is k(-14) a composite number?
False
Let q = -5735 + 45988. Is q composite?
False
Suppose -234*g = -266*g + 31712. Is g composite?
False
Let a(u) = -1046*u - 61. Let z be -2 + (-4)/(-18) + (-26)/117. Is a(z) composite?
True
Suppose 9*c - 7*c = -2, -5*l = -2*c - 1536217. Is l composite?
False
Let a = -127136 - -351933. Is a a composite number?
False
Let f(c) = -14209*c - 31. Is f(-2) a prime number?
True
Let h(g) be the second derivative of g**5/20 - 2*g**4/3 - 7*g**3/3 + 21*g**2/2 - 11*g. Let m be h(9). Is m/32 - 4167/(-4) prime?
False
Let p = 62310 + -22811. Is p composite?
False
Let m(a) = -59*a + 767. Let r be m(13). Let x = 2 - 2. Is -2 - (-271 - r) - (0 + x) composite?
False
Let g = 1479796 + -803163. Is g prime?
False
Let h be (-4060238)/(-455) + (0 - 3/5). Suppose 28*c - 29*c = -h. Is c prime?
True
Let f(q) = 7*q + 97. Let k be f(-15). Is (-1)/7*92792/k a composite number?
False
Suppose -5*p = 2*d - 22020, 11*p - 13228 = 8*p + 2*d. Is p a prime number?
False
Suppose 34*w - 15 = 37*w, -3*w + 309250 = 5*m. Is m a composite number?
True
Let k(y) = 5*y**3 - 16*y**2 + 17*y - 3. Let a be k(9). Let v = a + 22. Is v prime?
True
Let f be (0/(-1))/(-5 - (-11 - -5)). Suppose 2*o = 3*s - 32719, 3*s - 3*o - 32724 = -f*s. Is s a composite number?
False
Suppose -360*g + 59901670 = 15593950. Is g composite?
False
Let u = 27 + -30. Let o be 67/(u + (-88)/(-28)). Suppose 4*z = -4*i + 380, 0*i - 2*i = 5*z - o. Is z a prime number?
False
Let o(i) = -i**3 + 182*i**2 + 157*i + 855. Is o(94) composite?
False
Let d(o) = o**3 - 49*o**2 - 28*o - 90. Let x be d(48). Let f = x - -7037. Is f a composite number?
False
Suppose 0 = -8*j + 9*j + 1, -16 = -5*h - 4*j. Suppose 0 = -4*d + 2*d - 4, 2*d + 40544 = h*f. Is f composite?
True
Let u(j) = j**2 + 21*j - 35. Let d be u(-23). Let y(h) = 50*h**2 + 14*h - 41. Is y(d) composite?
False
Let r = 604592 - 412363. Is r a prime number?
True
Suppose j - 303135 = -347*d + 343*d, -4*j - 2*d + 1212470 = 0. Is j composite?
True
Suppose 7*g - 2*g - 10 = 0. Suppose 4*l - 3*l - 8051 = -4*t, -2*t = g*l - 16084. Is l a composite number?
False
Let b = -56014 - -275661. Is b a prime number?
True
Suppose 16*i + 9*i - 200 = 0. Suppose 12*z - 28286 = -2*g + i*z, -5*z + 56572 = 4*g. Is g a composite number?
False
Suppose -7*x + 0*x = -105. Let o be ((-2)/(-3)*6)/(x/30). Suppose -5*k - 1461 = -o*k. Is k prime?
True
Suppose 2*y = 2*i + 937 + 115, 0 = -i - 3*y - 518. Suppose 4*o = 3*s - 3097, -s + 12 = 17. Let m = i - o. Is m composite?
True
Let w be ((-16)/(-7))/1 + (-30)/105. Suppose -w*p - 356 = -0*p. Is (-21)/(-2)*p/(-3) a composite number?
True
Let d(i) = 8*i - i - 7 + 0*i - i + 232*i**2. Is d(-6) a prime number?
False
Is 115982/8*(-109 - -113) a composite number?
False
Let i(o) = -o**2 + 2*o - 1. Let q(l) = -l**2 + 4*l - 3. Let d(g) = -7*i(g) + 4*q(g). Let m be d(-3). Suppose 252 = 2*n - m. Is n prime?
False
Suppose 10*n = -516 + 636. Suppose h + n*h - 14911 = 0. Is h composite?
True
Suppose 44*h + 673 - 13 = 0. Let q(p) = p**3 + 57*p**2 + 24*p - 11. Is q(h) a composite number?
True
Let x(n) = 16435*n**2 - 45*n - 257. Is x(-6) a composite number?
False
Let l(o) = 767*o**2 - o - 1. Suppose -29 = -16*s - 45. Is l(s) a prime number?
False
Let z(b) = 51*b**3 - b**2 + b - 10. Suppose 5*d - 35 = -3*n + 7*n, 4*d - 22 = 2*n. Is z(d) composite?
False
Let q(b) = 33*b**2 - 61*b - 591. Is q(-13) a composite number?
False
Let s be -1 - 0/(-5) - 4*1148. Let w = s - -7802. Suppose 0 = 5*o - c - 3203, 4*o = -o - 2*c + w. Is o prime?
True
Let m = 25474 + -10246. Suppose -3*f - y = -m, -7*y + 3*y = 4*f - 20296. Is f a prime number?
True
Suppose 1782857 = 60*u - 12731203. Is u a composite number?
True
Let k be -2*(147/6 - 3). Let c = -55 - k. Is (6/4)/(c/(-3352)) composite?
False
Let j(l) = 76*l - 11. Let t = -87 + 99. Is j(t) composite?
True
Let c(o) = -12*o**2 - 23*o**2 + 94*o**2 + 65 + 23*o - 19*o**2. Is c(-6) a prime number?
True
Suppose -11*y + 8455206 = 123*y + 7*y. Is y composite?
True
Let x(p) = -16*p**2 - 18*p + 34. Let k be x(10). Let o = -1115 - k. Is o a composite number?
False
Suppose -4*a - 4*m - 118124 = 0, -46*a = -48*a + m - 59062. Let q = -16872 - a. Is q a composite number?
False
Suppose 4*x - 367818 + 54196 = -2*l, 0 = 4*l + 4*x - 627240. Is l composite?
True
Let v be (-1949976)/(-70) - 8/30*3. Suppose -5*x - v = -112211. Is x composite?
False
Let v be -2*(-35)/25*10. Suppose -3*o = -366 - 432. Suppose -6*s + v = -o. Is s a prime number?
False
Suppose 37*m + 6990093 = 51*m + 85*m. Is m prime?
True
Suppose 5*f = k - 66694 - 151987, 0 = -2*k + 2*f + 437410. Is k a composite number?
False
Let d = 19 - 13. Suppose 3*v - d = -4*a - 0, 4 = -2*v. Let x(f) = 34*f - 7. Is x(a) a prime number?
False
Is (-3)/(-63) - (-11 + (-309065388)/252) a composite number?
False
Suppose r - 9995 = -3*m, 4*r = -8*m + 4*m + 40012. Is r prime?
True
Let l be ((-4)/(-3))/((44/15)/22). Suppose -l*z = -8*z - 23938. Is z prime?
True
Suppose -3*z - 153 = -2*k + 56, k - 3*z - 103 = 0. Let r = k - 37. Let v = r + -4. Is v a prime number?
False
Let g = 270509 + 253950. Is g a prime number?
False
Suppose -5842 = 10*f - 49952. Is f a prime number?
False
Let a = 122094 - 15761. Is a a prime number?
False
Suppose 76 = 14*v - 18*v. Let u(b) = -b**3 - 20*b**2 - 19*b + 5. Let r be u(v). Suppose 0 = -r*x + 416 - 31. Is x a composite number?
True
Let s = -38 + 40. Let i be (-21 + s)*(9 - 106). Suppose 5*l - z = l + 3671, -2*l + i = z. Is l a prime number?
True
Let g = 141661 - 80363. Is g a composite number?
True
Suppose 8*a + 4*a - 39156 = 0. Is a a prime number?
False
Let s = -3966 - -7873. Is s a prime number?
True
Let m be (-3)/(1 + 40/(-25)) - 1. Is m*(-4 - (-162495)/20) a composite number?
True
Let b(m) = -727*m**2 - 5*m. Let l be b(1). Suppose 5*g - 4176 = -4*x, 0*x + 4*g + 1023 = x. Let u = x + l. Is u composite?
False
Let u(z) = -z. Let s(g) = -18436*g + 4. Let k(q) = -s(q) + u(q). Is k(1) composite?
True
Let q